{"id":199,"date":"2024-11-25T14:17:04","date_gmt":"2024-11-25T13:17:04","guid":{"rendered":"https:\/\/www.kirsten-controls.de\/kirsten-wp\/?page_id=199"},"modified":"2025-02-06T11:38:22","modified_gmt":"2025-02-06T10:38:22","slug":"produktcat","status":"publish","type":"page","link":"https:\/\/www.kirsten-controls.de\/kirsten-wp\/produktcat\/","title":{"rendered":"ProduktCat"},"content":{"rendered":"\n<h2 class=\"wp-block-heading\"><span class=\"ez-toc-section\" id=\"Was_ist_ProduktCat\"><\/span>Was ist ProduktCat?<span class=\"ez-toc-section-end\"><\/span><\/h2>\n\n\n\n<p>ProduktCat ist ein innovativer digitaler Auswahlkatalog f\u00fcr Ventilatoren, der Ihnen hilft, innerhalb k\u00fcrzester Zeit das optimale Produkt f\u00fcr Ihren individuellen Betriebspunkt zu finden. Mit einer benutzerfreundlichen Suche und auf Basis exakter Messdaten bietet ProduktCat passgenaue Ergebnisse, dynamische Filterm\u00f6glichkeiten und detaillierte Leistungsdaten der Ventilatoren. Ob zur Projektplanung, Dokumentation oder Angebotserstellung \u2013 ProduktCat erm\u00f6glicht effiziente Entscheidungen und kann dank offline nutzbarer Datenfiles flexibel eingesetzt werden.<\/p>\n\n\n\n<p>Das Zusammenspiel von MessData und ProduktCat erm\u00f6glicht eine nahtlose Integration von Messdaten in die Ventilatorauswahl. MessData erstellt ein verschl\u00fcsseltes Datenfile, das direkt als Datenquelle f\u00fcr ProduktCat dient. Mit diesen pr\u00e4zisen Messdaten und einer Betriebspunktvorgabe des Anwenders ermittelt ProduktCat in k\u00fcrzester Zeit die Ventilatoren, die den Betriebspunkt optimal abdecken. Diese effiziente Verbindung stellt sicher, dass relevante Leistungsdaten direkt verf\u00fcgbar sind und der Auswahlprozess schnell und zuverl\u00e4ssig erfolgt \u2013 ideal f\u00fcr pr\u00e4zise Projektanforderungen und zielgerichtete Entscheidungen.<\/p>\n\n\n\n<div class=\"wp-block-group alignfull is-layout-constrained wp-container-core-group-is-layout-b1018d00 wp-block-group-is-layout-constrained\" style=\"margin-top:0px;margin-bottom:0px;padding-top:var(--wp--preset--spacing--80);padding-right:var(--wp--preset--spacing--40);padding-bottom:var(--wp--preset--spacing--80);padding-left:var(--wp--preset--spacing--40)\">\n<div class=\"wp-block-columns alignwide is-layout-flex wp-container-core-columns-is-layout-08c01c1c wp-block-columns-is-layout-flex\">\n<div class=\"wp-block-column is-layout-flow wp-container-core-column-is-layout-119bc444 wp-block-column-is-layout-flow\">\n<figure class=\"wp-block-image size-full\"><img loading=\"lazy\" decoding=\"async\" width=\"300\" height=\"227\" src=\"https:\/\/www.kirsten-controls.de\/kirsten-wp\/wp-content\/uploads\/2024\/11\/5530.jpg\" alt=\"\" class=\"wp-image-206\"\/><figcaption class=\"wp-element-caption\">Hauptansicht von einem ProduktCat, hier \u201eFanCat\u201c mit Vorauswahl.<\/figcaption><\/figure>\n<\/div>\n\n\n\n<div class=\"wp-block-column is-layout-flow wp-container-core-column-is-layout-119bc444 wp-block-column-is-layout-flow\">\n<figure class=\"wp-block-image size-full\"><img loading=\"lazy\" decoding=\"async\" width=\"300\" height=\"336\" src=\"https:\/\/www.kirsten-controls.de\/kirsten-wp\/wp-content\/uploads\/2024\/11\/5531-1.jpg\" alt=\"\" class=\"wp-image-208\" srcset=\"https:\/\/www.kirsten-controls.de\/kirsten-wp\/wp-content\/uploads\/2024\/11\/5531-1.jpg 300w, https:\/\/www.kirsten-controls.de\/kirsten-wp\/wp-content\/uploads\/2024\/11\/5531-1-268x300.jpg 268w\" sizes=\"auto, (max-width: 300px) 100vw, 300px\" \/><figcaption class=\"wp-element-caption\">Schalldruckpegel Diagramm mit Oktavband und Summenpegel von vier ausgew\u00e4hlten Ventilatoren.<\/figcaption><\/figure>\n<\/div>\n\n\n\n<div class=\"wp-block-column is-layout-flow wp-container-core-column-is-layout-119bc444 wp-block-column-is-layout-flow\">\n<figure class=\"wp-block-image size-full\"><img loading=\"lazy\" decoding=\"async\" width=\"867\" height=\"710\" src=\"https:\/\/www.kirsten-controls.de\/kirsten-wp\/wp-content\/uploads\/2024\/11\/5534-1.jpg\" alt=\"\" class=\"wp-image-207\" srcset=\"https:\/\/www.kirsten-controls.de\/kirsten-wp\/wp-content\/uploads\/2024\/11\/5534-1.jpg 867w, https:\/\/www.kirsten-controls.de\/kirsten-wp\/wp-content\/uploads\/2024\/11\/5534-1-300x246.jpg 300w, https:\/\/www.kirsten-controls.de\/kirsten-wp\/wp-content\/uploads\/2024\/11\/5534-1-768x629.jpg 768w\" sizes=\"auto, (max-width: 867px) 100vw, 867px\" \/><figcaption class=\"wp-element-caption\">Kennliniendarstellung ausgew\u00e4hlter Ventilatoren mitLeistungsangaben an drei Volumenstrompunkten.<\/figcaption><\/figure>\n<\/div>\n<\/div>\n<\/div>\n\n\n\n<h2 class=\"wp-block-heading has-text-align-left\"><span class=\"ez-toc-section\" id=\"Individuelle_Auswahl_und_detaillierte_Ergebnisse_mit_ProduktCat\"><\/span><strong>Individuelle Auswahl und detaillierte Ergebnisse mit ProduktCat<\/strong><span class=\"ez-toc-section-end\"><\/span><\/h2>\n\n\n\n<p class=\"has-text-align-left\">Mit ProduktCat erstellen wir gemeinsam mit unseren Kunden zielf\u00fchrende Auswahlkriterien, die perfekt auf Ihre Anforderungen abgestimmt sind \u2013 z. B. nach Ventilatorbauart, Einsatzbereichen oder spezifischen Baureihen. Die Vorauswahl ist dynamisch und zeigt Ihnen immer die passenden Optionen an, die Ihren Kriterien entsprechen.<\/p>\n\n\n\n<p class=\"has-text-align-left\">Dank der pr\u00e4zisen Betriebspunkteingabe k\u00f6nnen weitere Parameter wie Durchmesserbereich, Drehzahlvorgaben oder Dichteberechnungen ber\u00fccksichtigt werden. Das Ergebnis wird \u00fcbersichtlich in einer Liste dargestellt, die die charakteristischen Leistungsdaten der Ventilatoren enth\u00e4lt. Markieren Sie Ihre Favoriten, dokumentieren Sie Projekte und profitieren Sie von umfassenden Auswertem\u00f6glichkeiten \u2013 unterst\u00fctzt durch die leistungsstarken Funktionen von MessData.<\/p>\n\n\n\n<div class=\"wp-block-buttons is-content-justification-center is-layout-flex wp-container-core-buttons-is-layout-a89b3969 wp-block-buttons-is-layout-flex\">\n<div class=\"wp-block-button\"><a class=\"wp-block-button__link wp-element-button\" href=\"https:\/\/www.kirsten-controls.de\/Datenblaetter\/Doku-Cat\" target=\"_blank\" rel=\"noreferrer noopener\">Beispiel einer Ausgabe-Dokumentation<\/a><\/div>\n<\/div>\n\n\n\n<div style=\"height:89px\" aria-hidden=\"true\" class=\"wp-block-spacer\"><\/div>\n\n\n\n<h2 class=\"wp-block-heading\"><span class=\"ez-toc-section\" id=\"Warenkorbfunktionen\"><\/span>Warenkorbfunktionen<span class=\"ez-toc-section-end\"><\/span><\/h2>\n\n\n\n<p>Die selektierten Ventilatoren im Warenkorb k\u00f6nnen als Projekt mit allen Auslegungsdaten in einem Datenfile abgespeichert werden, sodass die Auslegung von anderen Anwendern und zu einem anderen Zeitpunkt wieder einsehbar ist. Eine weitere optionale Funktion des Warenkorbes ist es, den Ventilator mit Zubeh\u00f6r zu erg\u00e4nzen, den Preis zu bilden und \u201edas Ganze\u201c als Angebot auszugeben.<\/p>\n\n\n\n<div style=\"height:30px\" aria-hidden=\"true\" class=\"wp-block-spacer\"><\/div>\n\n\n\n<h2 class=\"wp-block-heading\"><span class=\"ez-toc-section\" id=\"OEM_Daten-_und_Funktionsfreigabe_ueber_Lizenzierung\"><\/span>OEM Daten- und Funktionsfreigabe \u00fcber Lizenzierung<span class=\"ez-toc-section-end\"><\/span><\/h2>\n\n\n\n<p>Mess- und Ergebnisdaten, die speziell f\u00fcr OEM-Kunden ausgegeben werden sollen, k\u00f6nnen optional als Lizenzgruppe definiert werden und per Lizenzschl\u00fcssel nur f\u00fcr den vorgesehenen Kunden im Produktkatalog vom Hersteller frei geschaltet werden.<\/p>\n\n\n\n<div style=\"height:30px\" aria-hidden=\"true\" class=\"wp-block-spacer\"><\/div>\n\n\n\n<h2 class=\"wp-block-heading\"><span class=\"ez-toc-section\" id=\"Webcat_fuer_Ventilatoren\"><\/span>Webcat f\u00fcr Ventilatoren<span class=\"ez-toc-section-end\"><\/span><\/h2>\n\n\n\n<p>F\u00fcr die Ventilatorauslegung \u00fcber Webseiten erstellen wir f\u00fcr kundenseitige Webdesigner die Suchmaschine der Ventilatorsuche mit den Funktionen wie oben beschrieben. \u00dcber eine Schnittstelle werden dann die Daten zwischen Webprogramm und Suchmaschine ausgetauscht.<\/p>\n\n\n\n<div style=\"height:30px\" aria-hidden=\"true\" class=\"wp-block-spacer\"><\/div>\n\n\n\n<h2 class=\"wp-block-heading\"><span class=\"ez-toc-section\" id=\"Automatische_Updatefunktionen\"><\/span>Automatische Updatefunktionen<span class=\"ez-toc-section-end\"><\/span><\/h2>\n\n\n\n<p>Damit ihre Kunden auf dem aktuellen Stand bleiben, ist der ProduktCat mit einer optionalen Updatefunktion erh\u00e4ltlich. Hierbei wird \u00fcber einen Webserver auf Anfrage des ProduktCat gepr\u00fcft, ob die Version aktuell ist und wenn nicht, findet ein Download der Datenquelle und des Programmfiles statt. ProduktCat erkennt beim n\u00e4chsten Start das Vorliegen einer neuen Version, informiert den Benutzer und nach dessen Best\u00e4tgung wird Produktcat automatisch aktualisiert.<\/p>\n\n\n\n<div style=\"height:100px\" aria-hidden=\"true\" class=\"wp-block-spacer\"><\/div>\n\n\n\n<div class=\"wp-block-group alignfull has-raft-fg-alt-color has-raft-accent-background-color has-text-color has-background is-layout-constrained wp-container-core-group-is-layout-87ba1f51 wp-block-group-is-layout-constrained\" style=\"margin-top:0px;margin-bottom:0px;padding-top:var(--wp--preset--spacing--80);padding-right:var(--wp--preset--spacing--40);padding-bottom:var(--wp--preset--spacing--80);padding-left:var(--wp--preset--spacing--40)\">\n<h2 class=\"wp-block-heading has-text-align-center has-raft-fg-alt-color has-text-color\">Nehmen Sie Kontakt mit uns auf!<\/h2>\n\n\n\n<div class=\"wp-block-buttons is-content-justification-center is-layout-flex wp-container-core-buttons-is-layout-a89b3969 wp-block-buttons-is-layout-flex\">\n<div class=\"wp-block-button is-style-fill\"><a class=\"wp-block-button__link has-raft-fg-alt-color has-text-color wp-element-button\" href=\"https:\/\/www.kirsten-controls.de\/kirsten-wp\/kontakt\/\">Kontakt<\/a><\/div>\n<\/div>\n<\/div>\n","protected":false},"excerpt":{"rendered":"<p>Was ist ProduktCat? ProduktCat ist ein innovativer digitaler Auswahlkatalog f\u00fcr Ventilatoren, der Ihnen hilft, innerhalb k\u00fcrzester Zeit das optimale Produkt f\u00fcr Ihren individuellen Betriebspunkt zu finden. Mit einer benutzerfreundlichen Suche und auf Basis exakter Messdaten bietet ProduktCat passgenaue Ergebnisse, dynamische Filterm\u00f6glichkeiten und detaillierte Leistungsdaten der Ventilatoren. Ob zur Projektplanung, Dokumentation oder Angebotserstellung \u2013 ProduktCat erm\u00f6glicht [&hellip;]<\/p>\n","protected":false},"author":1,"featured_media":0,"parent":0,"menu_order":0,"comment_status":"closed","ping_status":"closed","template":"","meta":{"footnotes":""},"class_list":["post-199","page","type-page","status-publish","hentry"],"_links":{"self":[{"href":"https:\/\/www.kirsten-controls.de\/kirsten-wp\/wp-json\/wp\/v2\/pages\/199","targetHints":{"allow":["GET"]}}],"collection":[{"href":"https:\/\/www.kirsten-controls.de\/kirsten-wp\/wp-json\/wp\/v2\/pages"}],"about":[{"href":"https:\/\/www.kirsten-controls.de\/kirsten-wp\/wp-json\/wp\/v2\/types\/page"}],"author":[{"embeddable":true,"href":"https:\/\/www.kirsten-controls.de\/kirsten-wp\/wp-json\/wp\/v2\/users\/1"}],"replies":[{"embeddable":true,"href":"https:\/\/www.kirsten-controls.de\/kirsten-wp\/wp-json\/wp\/v2\/comments?post=199"}],"version-history":[{"count":31,"href":"https:\/\/www.kirsten-controls.de\/kirsten-wp\/wp-json\/wp\/v2\/pages\/199\/revisions"}],"predecessor-version":[{"id":762,"href":"https:\/\/www.kirsten-controls.de\/kirsten-wp\/wp-json\/wp\/v2\/pages\/199\/revisions\/762"}],"wp:attachment":[{"href":"https:\/\/www.kirsten-controls.de\/kirsten-wp\/wp-json\/wp\/v2\/media?parent=199"}],"curies":[{"name":"wp","href":"https:\/\/api.w.org\/{rel}","templated":true}]}}