{"id":238,"date":"2024-11-27T11:56:42","date_gmt":"2024-11-27T10:56:42","guid":{"rendered":"https:\/\/www.kirsten-controls.de\/kirsten-wp\/?page_id=238"},"modified":"2025-02-06T15:54:42","modified_gmt":"2025-02-06T14:54:42","slug":"messboxen","status":"publish","type":"page","link":"https:\/\/www.kirsten-controls.de\/kirsten-wp\/messboxen\/","title":{"rendered":"Messboxen"},"content":{"rendered":"\n<div class=\"wp-block-group is-nowrap is-layout-flex wp-container-core-group-is-layout-6c531013 wp-block-group-is-layout-flex\">\n<h2 class=\"wp-block-heading\"><span class=\"ez-toc-section\" id=\"MessBoxen_MBI16_und_MBI32\"><\/span>MessBoxen MBI16 und MBI32<span class=\"ez-toc-section-end\"><\/span><\/h2>\n<\/div>\n\n\n\n<div class=\"wp-block-media-text is-stacked-on-mobile is-vertically-aligned-center\" style=\"grid-template-columns:51% auto\"><figure class=\"wp-block-media-text__media\"><img loading=\"lazy\" decoding=\"async\" width=\"777\" height=\"477\" src=\"https:\/\/www.kirsten-controls.de\/kirsten-wp\/wp-content\/uploads\/2024\/11\/1.jpg\" alt=\"\" class=\"wp-image-249 size-full\" srcset=\"https:\/\/www.kirsten-controls.de\/kirsten-wp\/wp-content\/uploads\/2024\/11\/1.jpg 777w, https:\/\/www.kirsten-controls.de\/kirsten-wp\/wp-content\/uploads\/2024\/11\/1-300x184.jpg 300w, https:\/\/www.kirsten-controls.de\/kirsten-wp\/wp-content\/uploads\/2024\/11\/1-768x471.jpg 768w\" sizes=\"auto, (max-width: 777px) 100vw, 777px\" \/><\/figure><div class=\"wp-block-media-text__content\">\n<p>Die MessBoxen der Typen MBI16 und MBI32 bieten eine innovative Plattform f\u00fcr die Erfassung, Verarbeitung und Darstellung analoger und digitaler Signale. Sie sind modular aufgebaut und k\u00f6nnen individuell an die Anforderungen von Kunden angepasst werden.<\/p>\n<\/div><\/div>\n\n\n\n<p>In einem Kunststoffgeh\u00e4use ist der Raspberry Pi mit Interface- oder Sensorplatine und optionalen Messmodulen, die nach Kundenw\u00fcnschen ausgew\u00e4hlt werden, untergebracht. Die Signal-Ein- und Ausg\u00e4nge sind auf der Front- und ggf. auf der R\u00fcckseite verkabelt. Der Raspberry Pi, als verarbeitende Einheit, kann hierbei Messwerte autark und kontinuierlich aufzeichnen und stellt verschiedene Schnittstelle f\u00fcr Drittsysteme zur Verf\u00fcgung.<\/p>\n\n\n\n<div class=\"wp-block-media-text has-media-on-the-right is-stacked-on-mobile\" style=\"grid-template-columns:auto 42%\"><div class=\"wp-block-media-text__content\">\n<p>Der modulare Aufbau erlaubt eine kundenindividuelle Spezifikation f\u00fcr jede einzelne MessBox.<\/p>\n<\/div><figure class=\"wp-block-media-text__media\"><img loading=\"lazy\" decoding=\"async\" width=\"771\" height=\"607\" src=\"https:\/\/www.kirsten-controls.de\/kirsten-wp\/wp-content\/uploads\/2024\/11\/6.jpg\" alt=\"\" class=\"wp-image-252 size-full\" srcset=\"https:\/\/www.kirsten-controls.de\/kirsten-wp\/wp-content\/uploads\/2024\/11\/6.jpg 771w, https:\/\/www.kirsten-controls.de\/kirsten-wp\/wp-content\/uploads\/2024\/11\/6-300x236.jpg 300w, https:\/\/www.kirsten-controls.de\/kirsten-wp\/wp-content\/uploads\/2024\/11\/6-768x605.jpg 768w\" sizes=\"auto, (max-width: 771px) 100vw, 771px\" \/><\/figure><\/div>\n\n\n\n<p>Die Signaleing\u00e4nge werden auf der Frontseite mit 4mm Laborbuchsen ausgef\u00fchrt, sodass Laborstrippen direkt aufgelegt werden k\u00f6nnen. F\u00fcr die Temperaturerfassung mit Thermoelementen werden gebr\u00e4uchliche Miniaturbuchsen f\u00fcr das entsprechende<br>Thermoelement eingesetzt. Zus\u00e4tzlich bieten die Messboxen die M\u00f6glichkeit bis zu vier Dr\u00fccke \u00fcber die Sensorplatine zu erfassen.<\/p>\n\n\n\n<p>Die MessBoxen k\u00f6nnen optional mit einer Mobilfunkplatine erg\u00e4nzt werden, sodass die Messdaten auch \u00fcber das Mobilfunknetz in ein Cloud-System \u00fcbertragen werden k\u00f6nnen. Hierf\u00fcr stellen wir auch Cloud Dienste zur Verf\u00fcgung. Mit der Android App k\u00f6nnen Messwerte und Ergebnisse online vor Ort angezeigt werden um einen autarken Betrieb \u00fcberwachen zu k\u00f6nnen.<\/p>\n\n\n\n<div style=\"height:30px\" aria-hidden=\"true\" class=\"wp-block-spacer\"><\/div>\n\n\n\n<h2 class=\"wp-block-heading\"><span class=\"ez-toc-section\" id=\"Varianten_der_Messboxen\"><\/span>Varianten der Messboxen<span class=\"ez-toc-section-end\"><\/span><\/h2>\n\n\n\n<p>Folgende Varianten der Messboxen stehen zur Verf\u00fcgung:<\/p>\n\n\n\n<figure class=\"wp-block-table is-style-stripes\"><table class=\"has-fixed-layout\"><tbody><tr><td><strong>Name<\/strong><\/td><td><strong>max. I\/O Front<\/strong><\/td><td><strong>max. I\/O Back<\/strong><\/td><td><strong>max. Module<\/strong><\/td><\/tr><tr><td>MBI16<\/td><td>8<\/td><td>8<\/td><td>2<\/td><\/tr><tr><td>MBI16h<\/td><td>individuell<\/td><td>16<\/td><td>4<\/td><\/tr><tr><td>MBI32<\/td><td>16<\/td><td>32<\/td><td>6<\/td><\/tr><tr><td>MBI32D<\/td><td>keine, da Display<\/td><td>32<\/td><td>4<\/td><\/tr><\/tbody><\/table><\/figure>\n\n\n\n<p>Jede Messbox wird mit einer Frontplatte und, wenn erforderlich, mit einer best\u00fcckten R\u00fcckfrontplatte geliefert.<\/p>\n\n\n\n<p>Dabei gibt es standardm\u00e4\u00dfig folgende Anschlussm\u00f6glichkeit:<\/p>\n\n\n\n<div style=\"height:30px\" aria-hidden=\"true\" class=\"wp-block-spacer\"><\/div>\n\n\n\n<figure class=\"wp-block-image size-full\"><img loading=\"lazy\" decoding=\"async\" width=\"794\" height=\"275\" src=\"https:\/\/www.kirsten-controls.de\/kirsten-wp\/wp-content\/uploads\/2024\/12\/3.jpg\" alt=\"\" class=\"wp-image-384\" srcset=\"https:\/\/www.kirsten-controls.de\/kirsten-wp\/wp-content\/uploads\/2024\/12\/3.jpg 794w, https:\/\/www.kirsten-controls.de\/kirsten-wp\/wp-content\/uploads\/2024\/12\/3-300x104.jpg 300w, https:\/\/www.kirsten-controls.de\/kirsten-wp\/wp-content\/uploads\/2024\/12\/3-768x266.jpg 768w\" sizes=\"auto, (max-width: 794px) 100vw, 794px\" \/><figcaption class=\"wp-element-caption\">Frontansicht einer MBI16  mit allen standardm\u00e4\u00dfigen Anschl\u00fcssen<\/figcaption><\/figure>\n\n\n\n<div style=\"height:30px\" aria-hidden=\"true\" class=\"wp-block-spacer\"><\/div>\n\n\n\n<ul class=\"wp-block-list\">\n<li>Ethernet-Anschluss: RJ45 Buchse<\/li>\n\n\n\n<li>2 5-polige Buchsen f\u00fcr Spannungsversorgung und RS485 Schnittstelle<\/li>\n\n\n\n<li>GND: Potenzialausgleichsbuchse<\/li>\n\n\n\n<li>2 gelbe Laborbuchsen f\u00fcr einen Kurzschlussstecker zum Aktivieren der Messwertspeicherung<\/li>\n\n\n\n<li>Signal LED f\u00fcr Betriebsanzeige und Speichern im 1Hz Zyklus<\/li>\n\n\n\n<li>1x USB A (2x USB A bei MBI32) auf der R\u00fcckfrontplatte<\/li>\n\n\n\n<li>1x HDMI Buchse auf der R\u00fcckfrontplatte<\/li>\n<\/ul>\n\n\n\n<div style=\"height:30px\" aria-hidden=\"true\" class=\"wp-block-spacer\"><\/div>\n\n\n\n<h2 class=\"wp-block-heading\"><span class=\"ez-toc-section\" id=\"Features_der_MessBoxen\"><\/span>Features der MessBoxen<span class=\"ez-toc-section-end\"><\/span><\/h2>\n\n\n\n<p>Die Basis bildet ein Raspberry Pi mit einer speziell entwickelten Interface- oder Sensorplatine. Dies erm\u00f6glicht folgende Funktionen:<\/p>\n\n\n\n<ul class=\"wp-block-list\">\n<li>Kommunikation \u00fcber WLAN und LAN<\/li>\n\n\n\n<li>WLAN-Access-Point aktivierbar, dadurch Datenzugriff per Android App m\u00f6glich<\/li>\n\n\n\n<li>REST-Schnittstelle f\u00fcr externe Anwendungen<\/li>\n\n\n\n<li>Datenspeicherung auf SD-Karte<\/li>\n\n\n\n<li>Automatisierte Daten\u00fcbertragung auf USB-Stick<\/li>\n\n\n\n<li>Optionale Live-Daten\u00fcbertragung in die Cloud<\/li>\n\n\n\n<li>Daten\u00fcbertragung via Modbus\/TCP<\/li>\n\n\n\n<li>Integration mit Software wie Trendows<\/li>\n\n\n\n<li>Konfiguration \u00fcber produktspezifische Software ReadRaspi<\/li>\n\n\n\n<li>Optionale Kommunikation \u00fcber das Mobilfunknetz mit Zusatzplatine oder Modem-Stick<\/li>\n\n\n\n<li>Benachrichtigung (z.B. per E-Mail) bei verschiedenen Ereignissen<\/li>\n\n\n\n<li>USB-Anschluss z.B. f\u00fcr den optionalen Einsatz von RS485- oder RS232-Adapterkabeln<\/li>\n\n\n\n<li>4 Differenzdruck Messstellen mit der Sensorplatine<\/li>\n\n\n\n<li>Interner Datenlogger f\u00fcr autarke Messwerterfassung<\/li>\n\n\n\n<li>HDMI-Anschluss f\u00fcr externen Monitor<\/li>\n\n\n\n<li>Optionale Ausf\u00fchrung mit Touch Display<\/li>\n\n\n\n<li>Visualisierungsm\u00f6glichkeiten im Touch Display mit Symbolen und Bildern<\/li>\n\n\n\n<li>Verrechnung von Messkan\u00e4len<\/li>\n\n\n\n<li>Kalibrierung mit abgespeicherten Datentabellen<\/li>\n<\/ul>\n\n\n\n<div style=\"height:30px\" aria-hidden=\"true\" class=\"wp-block-spacer\"><\/div>\n\n\n\n<h2 class=\"wp-block-heading\"><span class=\"ez-toc-section\" id=\"Visualisierung_und_Bedienung\"><\/span>Visualisierung und Bedienung<span class=\"ez-toc-section-end\"><\/span><\/h2>\n\n\n\n<div class=\"wp-block-media-text is-stacked-on-mobile\" style=\"grid-template-columns:53% auto\"><figure class=\"wp-block-media-text__media\"><img loading=\"lazy\" decoding=\"async\" width=\"801\" height=\"339\" src=\"https:\/\/www.kirsten-controls.de\/kirsten-wp\/wp-content\/uploads\/2024\/12\/5.jpg\" alt=\"\" class=\"wp-image-382 size-full\" srcset=\"https:\/\/www.kirsten-controls.de\/kirsten-wp\/wp-content\/uploads\/2024\/12\/5.jpg 801w, https:\/\/www.kirsten-controls.de\/kirsten-wp\/wp-content\/uploads\/2024\/12\/5-300x127.jpg 300w, https:\/\/www.kirsten-controls.de\/kirsten-wp\/wp-content\/uploads\/2024\/12\/5-768x325.jpg 768w\" sizes=\"auto, (max-width: 801px) 100vw, 801px\" \/><\/figure><div class=\"wp-block-media-text__content\">\n<p>Mit einem Touchscreen-Display (MBI32D) k\u00f6nnen Messwerte \u00fcbersichtlich auf mehreren Seiten dargestellt werden. Alternativ k\u00f6nnen die Daten \u00fcber eine Android-App oder in einer <a href=\"http:\/\/www.trendows.de\/messmobil\/ausw.php?id=52a35eb83b147793\"><u>Cloud-Anwendung<\/u><\/a> visualisiert werden.<\/p>\n<\/div><\/div>\n\n\n\n<div style=\"height:30px\" aria-hidden=\"true\" class=\"wp-block-spacer\"><\/div>\n\n\n\n<h2 class=\"wp-block-heading\"><span class=\"ez-toc-section\" id=\"Einsatzbereiche\"><\/span>Einsatzbereiche<span class=\"ez-toc-section-end\"><\/span><\/h2>\n\n\n\n<p>Die MessBoxen eignen sich unter anderem f\u00fcr:<\/p>\n\n\n\n<ul class=\"wp-block-list\">\n<li>Verfahrenstechnische Labor- und Anlagenmessungen<\/li>\n\n\n\n<li>Volumenstrommessungen von Luft und Gasen<\/li>\n\n\n\n<li>Leistungsmessungen an lufttechnischen Anlagen<\/li>\n\n\n\n<li>Emissionsmessungen<\/li>\n\n\n\n<li>Raumklima\u00fcberwachung<\/li>\n\n\n\n<li>Ventilatorpr\u00fcfst\u00e4nde<\/li>\n\n\n\n<li>Online Monitoring und Steuerung in Verbindung mit der Software Trendows<\/li>\n<\/ul>\n\n\n\n<div style=\"height:30px\" aria-hidden=\"true\" class=\"wp-block-spacer\"><\/div>\n\n\n\n<h2 class=\"wp-block-heading\"><span class=\"ez-toc-section\" id=\"Vernetzung_von_Messboxen\"><\/span>Vernetzung von Messboxen<span class=\"ez-toc-section-end\"><\/span><\/h2>\n\n\n\n<div class=\"wp-block-media-text is-stacked-on-mobile\" style=\"grid-template-columns:43% auto\"><figure class=\"wp-block-media-text__media\"><img loading=\"lazy\" decoding=\"async\" width=\"773\" height=\"772\" src=\"https:\/\/www.kirsten-controls.de\/kirsten-wp\/wp-content\/uploads\/2024\/12\/8.jpg\" alt=\"\" class=\"wp-image-372 size-full\" srcset=\"https:\/\/www.kirsten-controls.de\/kirsten-wp\/wp-content\/uploads\/2024\/12\/8.jpg 773w, https:\/\/www.kirsten-controls.de\/kirsten-wp\/wp-content\/uploads\/2024\/12\/8-300x300.jpg 300w, https:\/\/www.kirsten-controls.de\/kirsten-wp\/wp-content\/uploads\/2024\/12\/8-150x150.jpg 150w, https:\/\/www.kirsten-controls.de\/kirsten-wp\/wp-content\/uploads\/2024\/12\/8-768x767.jpg 768w\" sizes=\"auto, (max-width: 773px) 100vw, 773px\" \/><\/figure><div class=\"wp-block-media-text__content\">\n<p>Die MessBoxen k\u00f6nnen einfach \u00fcber den Busanschluss untereinander vernetzt werden. Der Busanschluss enth\u00e4lt auch die Spannungsversorgung, sodass nur ein Kabel zwischen den MessBoxen erforderlich ist. \u00dcber einen Ethernetanschluss erfolgt die Ankoppelung an den Rechner. Statt der Ankoppelung per Kabel kann die Ankoppelung \u00fcber ein WLAN-Netz erfolgen. Optional k\u00f6nnen<br>wir die WLAN-Funktion der Messbox als<br>\u201eHotspot\u201c einrichten, sodass mit mehreren MessBoxen ein lokales WLAN-Netz aufgebaut werden kann. Mit Trendows kann das gesamte Netzwerk an MessBoxen in Echtzeit \u00fcberwacht und gesteuert werden.<\/p>\n\n\n\n<div style=\"height:30px\" aria-hidden=\"true\" class=\"wp-block-spacer\"><\/div>\n<\/div><\/div>\n\n\n\n<h2 class=\"wp-block-heading\"><span class=\"ez-toc-section\" id=\"Kompatibilitaet_mit_anderen_Systemen\"><\/span>Kompatibilit\u00e4t mit anderen Systemen<span class=\"ez-toc-section-end\"><\/span><\/h2>\n\n\n\n<p>Die Messboxen MBI16 und MBI32 bieten eine umfassende Kompatibilit\u00e4t mit verschiedensten Systemen, wodurch sie flexibel in bestehende Infrastruktur integriert werden k\u00f6nnen. \u00dcber standardisierte Schnittstellen wie RS485, RS232, USB, Ethernet und WLAN erm\u00f6glichen sie eine reibungslose Kommunikation mit Mess- und Steuerungssystemen. Die Unterst\u00fctzung des Modbus-Protokolls erlaubt die einfache Einbindung in SCADA-Systeme und industrielle Anwendungen. Zudem sorgt die REST-API f\u00fcr eine moderne Anbindung an externe Softwarel\u00f6sungen, einschlie\u00dflich individuell entwickelter Applikationen. Die Ger\u00e4te sind vollst\u00e4ndig kompatibel mit der Software \u201eTrendows\u201c f\u00fcr Datenauswertung und \u201eReadRaspi\u201c zur Konfiguration und Datenverwaltung. Dank dieser vielseitigen Anschlussm\u00f6glichkeiten und der Unterst\u00fctzung bew\u00e4hrter Standards sind die Messboxen bestens f\u00fcr die Integration in heterogene Systemlandschaften geeignet.<\/p>\n\n\n\n<div style=\"height:89px\" aria-hidden=\"true\" class=\"wp-block-spacer\"><\/div>\n\n\n\n<div class=\"wp-block-group alignfull has-raft-fg-alt-color has-raft-accent-background-color has-text-color has-background is-layout-constrained wp-container-core-group-is-layout-87ba1f51 wp-block-group-is-layout-constrained\" style=\"margin-top:0px;margin-bottom:0px;padding-top:var(--wp--preset--spacing--80);padding-right:var(--wp--preset--spacing--40);padding-bottom:var(--wp--preset--spacing--80);padding-left:var(--wp--preset--spacing--40)\">\n<h2 class=\"wp-block-heading has-text-align-center has-raft-fg-alt-color has-text-color\">Nehmen Sie Kontakt mit uns auf!<\/h2>\n\n\n\n<div class=\"wp-block-buttons is-content-justification-center is-layout-flex wp-container-core-buttons-is-layout-a89b3969 wp-block-buttons-is-layout-flex\">\n<div class=\"wp-block-button is-style-fill\"><a class=\"wp-block-button__link has-raft-fg-alt-color has-text-color wp-element-button\" href=\"https:\/\/www.kirsten-controls.de\/kirsten-wp\/kontakt\/\">Kontakt<\/a><\/div>\n<\/div>\n<\/div>\n","protected":false},"excerpt":{"rendered":"<p>MessBoxen MBI16 und MBI32 Die MessBoxen der Typen MBI16 und MBI32 bieten eine innovative Plattform f\u00fcr die Erfassung, Verarbeitung und Darstellung analoger und digitaler Signale. Sie sind modular aufgebaut und k\u00f6nnen individuell an die Anforderungen von Kunden angepasst werden. In einem Kunststoffgeh\u00e4use ist der Raspberry Pi mit Interface- oder Sensorplatine und optionalen Messmodulen, die nach [&hellip;]<\/p>\n","protected":false},"author":1,"featured_media":0,"parent":0,"menu_order":0,"comment_status":"closed","ping_status":"closed","template":"","meta":{"footnotes":""},"class_list":["post-238","page","type-page","status-publish","hentry"],"_links":{"self":[{"href":"https:\/\/www.kirsten-controls.de\/kirsten-wp\/wp-json\/wp\/v2\/pages\/238","targetHints":{"allow":["GET"]}}],"collection":[{"href":"https:\/\/www.kirsten-controls.de\/kirsten-wp\/wp-json\/wp\/v2\/pages"}],"about":[{"href":"https:\/\/www.kirsten-controls.de\/kirsten-wp\/wp-json\/wp\/v2\/types\/page"}],"author":[{"embeddable":true,"href":"https:\/\/www.kirsten-controls.de\/kirsten-wp\/wp-json\/wp\/v2\/users\/1"}],"replies":[{"embeddable":true,"href":"https:\/\/www.kirsten-controls.de\/kirsten-wp\/wp-json\/wp\/v2\/comments?post=238"}],"version-history":[{"count":76,"href":"https:\/\/www.kirsten-controls.de\/kirsten-wp\/wp-json\/wp\/v2\/pages\/238\/revisions"}],"predecessor-version":[{"id":770,"href":"https:\/\/www.kirsten-controls.de\/kirsten-wp\/wp-json\/wp\/v2\/pages\/238\/revisions\/770"}],"wp:attachment":[{"href":"https:\/\/www.kirsten-controls.de\/kirsten-wp\/wp-json\/wp\/v2\/media?parent=238"}],"curies":[{"name":"wp","href":"https:\/\/api.w.org\/{rel}","templated":true}]}}